 u.
8
Suppose -99 = -4*z + 3*j, 3*z - 51 = z + j. Let v(m) = m - 2. Let a be v(0). Calculate the remainder when z is divided by 1 - a - (0 + -7).
7
Let c = 201 - 144. What is the remainder when c is divided by 29?
28
Let b = 6 + -3. Suppose -b*n = -0*n - 15. Suppose -2*m + 32 = n*p + 11, m + p = 9. What is the remainder when 22 is divided by m?
6
Let c(u) = 24*u + 1. Let s be c(1). Suppose 1 = -4*f - a - 4, 4*f + 5*a = -s. Let o = f - -1. Calculate the remainder when 3 is divided by o.
0
Let f be (-2)/(-4)*10*2. Suppose -5*x = 2*y - 0*x - 29, -2*x = f. What is the remainder when y is divided by 10?
7
Let b = 38 - 27. Calculate the remainder when 63 is divided by b.
8
Let j(u) = -u**3 - 3*u**2 + u + 4. Let n(v) = 16*v - 2. Calculate the remainder when n(3) is divided by j(-4).
14
Let y(q) = -4*q**3 + 1. Let k be y(-1). Suppose -k + 1 = -b. Suppose -b*x = x - 75. What is the remainder when 28 is divided by x?
13
Suppose 1 + 2 = 3*y. Let w(r) = 2*r + 1. What is the remainder when 6 is divided by w(y)?
0
Let x be (126/8)/((-3)/(-8)). Let f = x + -12. What is the remainder when 88 is divided by f?
28
Suppose 0 = -5*h + 3*m + 30, -4*h + 3 - 1 = 2*m. Calculate the remainder when 11 is divided by h.
2
What is the remainder when 36 is divided by ((-2)/(-3))/(42/819) - -1?
8
Suppose 20 = -4*v, -370 = -5*c + v - 5*v. What is the remainder when c is divided by 40?
38
Let y(a) = 5*a - 2. Let r be ((-3)/(-2))/((-27)/(-72)). Calculate the remainder when 52 is divided by y(r).
16
Let q(b) = -b**3 + 11*b**2 + b + 5. Let y be q(11). Suppose j + 2*j + 30 = 0. Let s = j + y. Calculate the remainder when 17 is divided by s.
5
Let v be -7*(-16 - (-2 - -1)). Suppose v + 51 = 3*u. Calculate the remainder when 11 is divided by 1/(-2) + u/8.
5
Let s(o) = -19*o + 1. Let f(v) = -3*v + 41. What is the remainder when s(-1) is divided by f(10)?
9
Let n(z) = -54*z + 3. Let j(w) = 270*w - 16. Let h(u) = -2*j(u) - 11*n(u). Let l be h(-1). What is the remainder when 24 is divided by l/(-4) - 6/8?
11
Let m be (16/10)/((-1)/5). Let c be ((-69)/12)/(1/(-4)). Let x = m + c. What is the remainder when 44 is divided by x?
14
Let b = 10 - 7. What is the remainder when 3 is divided by b?
0
Suppose -2*b + 7 = 5*w, -4*w = -3*w + 4*b - 5. Let i be w/(-2)*(5 + -3). Calculate the remainder when 71 is divided by (-5 - i)/((-2)/9).
17
Let i = 17 - 14. Suppose -5*u = -2*p + 20, -i*u - 20 = p - 3*p. Calculate the remainder when p is divided by 6.
4
Let o be (2/7)/((-5)/(-35)). Suppose -s + 109 = 5*j + 27, -5*j = o*s - 84. What is the remainder when j is divided by 6?
4
Calculate the remainder when 25 is divided by (-9 + -3)/(-4) - -10.
12
Let f = -8 + 152. Let k = -101 + f. What is the remainder when k is divided by 15?
13
Let j(h) = -h**3 - 6*h**2 - h - 8. Let p be j(-6). Calculate the remainder when 2*((-38)/(-4) + p) is divided by 4.
3
Let n = 114 + -24. Suppose -45 - n = -3*s. What is the remainder when s is divided by 12?
9
Suppose -4*x + 91 = o, 0*o - o + 45 = 2*x. Calculate the remainder when x is divided by (7 + -1)/2 + 10.
10
Let i(n) = 2*n - 12. Suppose -2*j - 8 = 0, 14 = a - 0*j - j. What is the remainder when 13 is divided by i(a)?
5
Let n(a) = -a + 21. What is the remainder when n(-10) is divided by 11?
9
Suppose 3*b + 460 = 13*b. Calculate the remainder when 135 is divided by b.
43
Suppose -4*r + 3*i = -35, -5 = -r - 5*i - 2. Calculate the remainder when 21 is divided by r.
5
Suppose -5*h + 73 = 5*t + 13, 0 = -3*h + 12. Calculate the remainder when t is divided by 5.
3
Let y = 17 + -11. What is the remainder when y is divided by 3?
0
Let r = -9 + 30. What is the remainder when 41 is divided by r?
20
Let c(f) = 1 + 5*f + 0 + 5. What is the remainder when 62 is divided by c(3)?
20
Let o = 18 + -7. Suppose 3 = m - 0. Suppose m*g = -5*j + 148, 48 = 4*j - 2*j + 4*g. What is the remainder when j is divided by o?
10
Let l = 21 + 8. Let x = 6 + l. Calculate the remainder when x is divided by 12.
11
Suppose -215 = 56*r - 61*r. Suppose 3*g = 6*g - 36. What is the remainder when r is divided by g?
7
Let o(b) = -b**2 - 8*b + 3. Let p be o(-8). Suppose f - 17 = 4*y, -2*f + 10 + 24 = p*y. Let g = -39 - -72. What is the remainder when g is divided by f?
16
Calculate the remainder when ((-20)/6 - -2)*-21 is divided by (10/5 - 4)/2*-10.
8
Let x(y) = -y**3 + 8*y**2 - 6*y. Let z be x(7). Let q = z - 2. Suppose -98 = -q*t + 252. Calculate the remainder when t is divided by 24.
22
Let r = -11 - -16. Calculate the remainder when 18 is divided by r.
3
Let c(m) = -m**2 + 2*m + 3. Calculate the remainder when c(0) is divided by 1.
0
What is the remainder when 15 + (-6)/(3/(-1)) is divided by 5?
2
Suppose -16*u + 10*u = -12. What is the remainder when 20 is divided by u?
0
Let j(g) = 18*g**2 + g. What is the remainder when j(-1) is divided by -15*(44/12 - 4)?
2
Let d(g) = g**3 - 6*g**2 - 8*g + 7. Let h be d(7). Let l = h - -10. Calculate the remainder when 37 is divided by l.
7
Let u = -5 - -9. Let k(w) = -u + 3 + w - 1. What is the remainder when 2 is divided by k(3)?
0
Let u(f) = -10*f - 74. What is the remainder when 34 is divided by u(-8)?
4
Suppose 0 = -6*s + 2*s - 8, -4*s + 25 = 3*k. Let u = 61 - 41. What is the remainder when u is divided by k?
9
What is the remainder when 18 + (2 + 2)/4 is divided by 7?
5
Suppose 2*b - 22 = -2. Calculate the remainder when 23 is divided by b/(-15)*(-15)/2.
3
Suppose 5*q = -0*q - 60. Let o = 18 + q. Calculate the remainder when 2 + (-3 - -5) + 7 is divided by o.
5
Let d = 221 - 113. Suppose -4*f + f = -d. What is the remainder when f is divided by 13?
10
Let c = 19 + -17. Calculate the remainder when 8 is divided by c.
0
Let n(l) = l**3 + 4*l**2 + 4. Let g be n(-4). Suppose -19 - 37 = -g*m. Let a(o) = 5*o**2 - 22*o - 8. Calculate the remainder when a(6) is divided by m.
12
Suppose 0 = -2*i + 5*i. Suppose i*n = -n. Suppose -24 = -4*y + z, -2*y = -n*y - 3*z - 22. Calculate the remainder when 9 is divided by y.
4
Suppose 5*u - 46 - 39 = 0. Calculate the remainder when 31 is divided by u.
14
Suppose 30 = u - 0*u. Suppose -3*z - 55 = -8*z. Calculate the remainder when u is divided by z.
8
Let n(t) = t**2 - 11*t + 8. What is the remainder when 79 is divided by n(12)?
19
Let a = 184 + -100. Suppose -2*p - 2*p + a = 0. What is the remainder when 81 is divided by p?
18
Let j(z) = 2*z**3 - 5*z**2. Let q(a) = -a**3 + 4*a**2 + 1. Let n(u) = 2*j(u) + 3*q(u). Calculate the remainder when n(3) is divided by 25.
23
Suppose -30 = -12*v + 78. Let j(p) = 33*p**2 - p. Calculate the remainder when j(-1) is divided by v.
7
Let z = -153 + 163. Suppose -2*s = 2*s - 28. Let t(n) = 4*n - 10. What is the remainder when t(s) is divided by z?
8
Suppose 3*h + 5 = 8. Let r(x) = 2*x**3 + x**2 - x + 1. What is the remainder when 5 is divided by r(h)?
2
Suppose 0 = -0*z - 2*z + 8. Suppose -2*r - r = 0. Suppose 2*f - 4*l = 36, f + 5*l - z = -r*f. What is the remainder when f is divided by 5?
4
Let g(h) = h**2 + 5. Let m be g(-5). Let i = m + -14. Suppose p + 4*x = 27, 4*x = 4*p - x - 129. What is the remainder when p is divided by i?
15
Suppose -2*b + b = -18. What is the remainder when 70 is divided by b?
16
Let r(b) = b**3 + 5*b**2 + 2. Let j be r(-5). Suppose -5*n - y - 2 = 0, 0 = j*n - 0*y + y - 1. What is the remainder when 17 is divided by 10 + n/((-3)/(-3))?
8
Suppose -2*z - 2*z = -2*k - 56, -4*k = -4*z + 52. Suppose -g = 4*d + 226, 19 = 5*d + g + 301. Let w = 85 + d. What is the remainder when w is divided by z?
14
Let f(a) = -8*a**3 + a**2 - 2*a - 3. Let b be (-18)/(-8) - 2/8. What is the remainder when (1/b)/(1/46) is divided by f(-1)?
7
Let r = 8 - 5. Suppose r*m - m - 6 = 0. Suppose -14 = -4*p - h, 5*p - m*h - 11 - 15 = 0. Calculate the remainder when 14 is divided by p.
2
Suppose 4 = 2*u - 3*t - 5, 3*t = 4*u - 27. Calculate the remainder when u is divided by 4.
1
Let a = -10 - -20. Let j(n) = 16*n - 35. What is the remainder when j(4) is divided by a?
9
Suppose 5*s - 18 = 37. Let i(u) = u - 1. Let r be i(6). Suppose y - k = 16, -r - 35 = -y - 5*k. Calculate the remainder when y is divided by s.
9
Let g(j) = -16*j - 12. Calculate the remainder when 75 is divided by g(-2).
15
Let d = 3 - 0. Suppose -d*q + 65 = 2*q. What is the remainder when q is divided by 5?
3
Let w = 388 + -262. Ca